{"id":22,"date":"2023-10-29T22:05:53","date_gmt":"2023-10-29T22:05:53","guid":{"rendered":"https:\/\/wolfgang-schwabe.de\/?page_id=22"},"modified":"2025-07-15T14:12:57","modified_gmt":"2025-07-15T12:12:57","slug":"uber-mich","status":"publish","type":"page","link":"https:\/\/wolfgang-schwabe.de\/index.php\/uber-mich\/","title":{"rendered":"\u00dcber mich"},"content":{"rendered":"\n<p><\/p>\n\n\n\n<p><em>Akademisches<\/em><\/p>\n\n\n\n<p>Experte f\u00fcr chinesische Philosophie, Geschichte &amp; Kultur. Studium an der F.U. Berlin in Sinologie, Philosophie und Japanologie. Parallel dazu Studium an der National Taiwan University in chinesischer Philosophie. 2004 Promotion an der F.U. Berlin in Sinologie \u00fcber politischen Daoismus, 2007 Promotion in Philosophie an der National Taiwan University \u00fcber das <em>Buch der Wandlungen<\/em> und den<em> Zhuangzi<\/em>. Danach Professur an der Tamkang Universit\u00e4t und der Foguang Universit\u00e4t f\u00fcr chinesische Philosophie. Zahlreiche Ver\u00f6ffentlichungen zur chinesischen Philosophie und Musik, zumeist auf Chinesisch.<\/p>\n\n\n\n<p><em>Musik<\/em><\/p>\n\n\n\n<p>Seitdem ich Anfang der 90iger Jahre das Studium der chinesischen Zither Qin (auch Guqin) in Taiwan bei dem international renommierten Qin Meister Ge Hancong \u845b\u701a\u8070 aufnahm, interessierte mich die \u00dcbertragung traditioneller Spieltechniken in den zeitgen\u00f6ssischen Kontext. Anf\u00e4nglichen Auftritten mit der Post-Punk Band LTK in Taipei folgte im Jahre 2000 die Gr\u00fcndung der experimentellen Gruppierung \u201eDie letzten Jahre der westlichen Han\u201c, bestehend aus mir an der Qin, Cai Hai-en an der E-Gitarre und Lin Hongjohn an der Djembe. Nachdem ich in Berlin 2012 die Cellistin Hui-Chun Lin kennenlernte, trete ich in Berlin und Taipei regelm\u00e4\u00dfig mit unterschiedlichsten Improvisationspartnern auf. In Taipei unter anderem mit Lin Hsiaofeng (chin. Fl\u00f6te), Li Lichin (Sheng), Huang Dawang (Elektronik), Dino (no input), Chloe Lin (Pipa), in Berlin mit Fumio Okura (Geige), Klaus K\u00fcrvers (Kontrabass), Hui-Chun Lin (Cello), Vincent Laju (Cello, Shakuhachi), Shiomi Kawaguchi (Shamisen), Lan Hungh (Percussion), Gerhard Uebele (Geige), Isabel Anders (Piano). 2018 erschien die CD 180818 mit improvisierter Musik von Hui-Chun Lin (Cello) und mir (Qin), 2019 tourten wir gemeinsam durch Taiwan mit Konzerten in Taipei, Tainan, Taichong, Hsinzhu und San Diaoling. In letzterem Bergdorf organisierte ich im Februar 2021 das \u201eNeither\/Nor Festival f\u00fcr Chinesische und Elektronische Musik\u201c mit taiwanesischen und internationalen Musikern. Seit meiner R\u00fcckkehr nach Berlin im Jahre 2022 spiele ich regelm\u00e4\u00dfig in dem von Fumio Okura geleiteten \u201eHot Cat\u201c Ensemble, mit Shiomi Kawaguchi und Yurika Saito (Sound painting) gr\u00fcndete ich 2023 das Ensemble Genmyo \u7384\u660e. Akademisch befasse ich mich seit 2006 mit chinesischer Musik\u00e4sthetik, 2007 initiierte ich in Taiwan gemeinsam mit Liu Zhenwei die bis 2019 j\u00e4hrlich stattfindende \u201eInternationale Konferenz f\u00fcr Guqin, Musik\u00e4sthetik und Humanismus\u201c. Im n\u00e4chsten Jahr wird bei Matthes&amp;Seitz die von mir verfasste \u00dcbersetzung des Klassikers der Guqin \u00c4sthetik \u201eQin Musik zwischen B\u00e4chen und Bergen&#8221; erscheinen.<\/p>\n\n\n\n<p><em>Ausfl\u00fcge ins Journalistische<\/em><\/p>\n\n\n\n<p><a href=\"https:\/\/taz.de\/Rolle-von-Konfuzius-in-China\/!5800232\/\" target=\"_blank\" rel=\"noopener\" title=\"\">Chinas neues Selbstbewusstsein<\/a><\/p>\n\n\n\n<p><a href=\"https:\/\/taz.de\/Buch-ueber-chinesisches-Denken\/!5960867\/\" target=\"_blank\" rel=\"noopener\" title=\"\">Wie China diskutiert<\/a><\/p>\n\n\n\n<p><em>Tee<\/em><\/p>\n\n\n\n<p>W\u00e4hrend meiner 25 Jahre auf Taiwan erlangte ich eine gro\u00dfe Vertrautheit mit taiwanesischem Tee. Die ausgew\u00e4hlten Teesorten stammen von Teebauern, mit denen ich zum Teil eine Jahrzehnte alte Bekanntschaft pflege. Seit 2024 organisiere ich gemeinsam mit Lilia Keller die Reihe \u201eTeekunst &amp; Qin-Musik\u201c im <em>Berliner Salon f\u00fcr Chinesische Kultur<\/em>. Teeverk\u00f6stigung kombiniert mit Qin-Konzerten biete ich auch alleine unter \u201e<em>Xuanming <\/em>\u7384\u660e Teekunst &amp; Musik\u201c an.<\/p>\n\n\n\n<p><\/p>\n","protected":false},"excerpt":{"rendered":"<p>Akademisches Experte f\u00fcr chinesische Philosophie, Geschichte &amp; Kultur. Studium an der F.U. Berlin in Sinologie, Philosophie und Japanologie. Parallel dazu Studium an der National Taiwan University in chinesischer Philosophie. 2004 Promotion an der F.U. Berlin in Sinologie \u00fcber politischen Daoismus, 2007 Promotion in Philosophie an der National Taiwan University \u00fcber das Buch der Wandlungen und [&hellip;]<\/p>\n","protected":false},"author":1,"featured_media":0,"parent":0,"menu_order":0,"comment_status":"closed","ping_status":"closed","template":"contentpage","meta":{"footnotes":""},"class_list":["post-22","page","type-page","status-publish","hentry"],"aioseo_notices":[],"_links":{"self":[{"href":"https:\/\/wolfgang-schwabe.de\/index.php\/wp-json\/wp\/v2\/pages\/22","targetHints":{"allow":["GET"]}}],"collection":[{"href":"https:\/\/wolfgang-schwabe.de\/index.php\/wp-json\/wp\/v2\/pages"}],"about":[{"href":"https:\/\/wolfgang-schwabe.de\/index.php\/wp-json\/wp\/v2\/types\/page"}],"author":[{"embeddable":true,"href":"https:\/\/wolfgang-schwabe.de\/index.php\/wp-json\/wp\/v2\/users\/1"}],"replies":[{"embeddable":true,"href":"https:\/\/wolfgang-schwabe.de\/index.php\/wp-json\/wp\/v2\/comments?post=22"}],"version-history":[{"count":13,"href":"https:\/\/wolfgang-schwabe.de\/index.php\/wp-json\/wp\/v2\/pages\/22\/revisions"}],"predecessor-version":[{"id":676,"href":"https:\/\/wolfgang-schwabe.de\/index.php\/wp-json\/wp\/v2\/pages\/22\/revisions\/676"}],"wp:attachment":[{"href":"https:\/\/wolfgang-schwabe.de\/index.php\/wp-json\/wp\/v2\/media?parent=22"}],"curies":[{"name":"wp","href":"https:\/\/api.w.org\/{rel}","templated":true}]}}